{"id":16,"date":"2026-02-24T02:39:47","date_gmt":"2026-02-24T02:39:47","guid":{"rendered":"https:\/\/soizy.education\/?page_id=16"},"modified":"2026-03-02T03:16:17","modified_gmt":"2026-03-02T03:16:17","slug":"tu-van","status":"publish","type":"page","link":"https:\/\/soizy.education\/?page_id=16","title":{"rendered":"T\u01b0 V\u1ea5n"},"content":{"rendered":"\n<h3 class=\"wp-block-heading has-text-align-center\"><strong>\u0110\u0103ng k\u00fd t\u01b0 v\u1ea5n c\u00f9ng SO IZY EDUCATION<\/strong><\/h3>\n\n\n\n<div class=\"wp-block-columns is-layout-flex wp-container-core-columns-is-layout-28f84493 wp-block-columns-is-layout-flex\">\n<div class=\"wp-block-column is-layout-flow wp-block-column-is-layout-flow\"><style id=\"wpforms-css-vars-308-block-4c848c2b-f4d1-469d-a1c8-d578e11d11d4\">\n\t\t\t\t#wpforms-308.wpforms-block-4c848c2b-f4d1-469d-a1c8-d578e11d11d4 {\n\t\t\t\t--wpforms-field-size-input-height: 43px;\n--wpforms-field-size-input-spacing: 15px;\n--wpforms-field-size-font-size: 16px;\n--wpforms-field-size-line-height: 19px;\n--wpforms-field-size-padding-h: 14px;\n--wpforms-field-size-checkbox-size: 16px;\n--wpforms-field-size-sublabel-spacing: 5px;\n--wpforms-field-size-icon-size: 1;\n--wpforms-label-size-font-size: 16px;\n--wpforms-label-size-line-height: 19px;\n--wpforms-label-size-sublabel-font-size: 14px;\n--wpforms-label-size-sublabel-line-height: 17px;\n--wpforms-button-size-font-size: 17px;\n--wpforms-button-size-height: 41px;\n--wpforms-button-size-padding-h: 15px;\n--wpforms-button-size-margin-top: 10px;\n\t\t\t}\n\t\t\t<\/style><div class=\"wpforms-container wpforms-container-full wpforms-block wpforms-block-4c848c2b-f4d1-469d-a1c8-d578e11d11d4 wpforms-render-modern\" id=\"wpforms-308\"><form id=\"wpforms-form-308\" class=\"wpforms-validate wpforms-form wpforms-ajax-form\" data-formid=\"308\" method=\"post\" enctype=\"multipart\/form-data\" action=\"\/index.php?rest_route=%2Fwp%2Fv2%2Fpages%2F16\" data-token=\"85421d9158f43bfc7205d24f407fe52d\" data-token-time=\"1776413197\"><noscript class=\"wpforms-error-noscript\">Please enable JavaScript in your browser to complete this form.<\/noscript><div id=\"wpforms-error-noscript\" style=\"display: none;\">Please enable JavaScript in your browser to complete this form.<\/div><div class=\"wpforms-field-container\"><div id=\"wpforms-308-field_1-container\" class=\"wpforms-field wpforms-field-name\" data-field-id=\"1\"><fieldset><legend class=\"wpforms-field-label\">H\u1ecc V\u00c0 T\u00caN <span class=\"wpforms-required-label\" aria-hidden=\"true\">*<\/span><\/legend><div class=\"wpforms-field-row wpforms-field-medium\"><div class=\"wpforms-field-row-block wpforms-first wpforms-one-half\"><input type=\"text\" id=\"wpforms-308-field_1\" class=\"wpforms-field-name-first wpforms-field-required\" name=\"wpforms[fields][1][first]\" aria-errormessage=\"wpforms-308-field_1-error\" required><label for=\"wpforms-308-field_1\" class=\"wpforms-field-sublabel after\">First<\/label><\/div><div class=\"wpforms-field-row-block wpforms-one-half\"><input type=\"text\" id=\"wpforms-308-field_1-last\" class=\"wpforms-field-name-last wpforms-field-required\" name=\"wpforms[fields][1][last]\" aria-errormessage=\"wpforms-308-field_1-last-error\" required><label for=\"wpforms-308-field_1-last\" class=\"wpforms-field-sublabel after\">Last<\/label><\/div><\/div><\/fieldset><\/div><div id=\"wpforms-308-field_2-container\" class=\"wpforms-field wpforms-field-email\" data-field-id=\"2\"><label class=\"wpforms-field-label\" for=\"wpforms-308-field_2\">\u0110\u1ecba ch\u1ec9 Email <span class=\"wpforms-required-label\" aria-hidden=\"true\">*<\/span><\/label><input type=\"email\" id=\"wpforms-308-field_2\" class=\"wpforms-field-medium wpforms-field-required\" name=\"wpforms[fields][2]\" spellcheck=\"false\" aria-errormessage=\"wpforms-308-field_2-error\" required><\/div><div id=\"wpforms-308-field_4-container\" class=\"wpforms-field wpforms-field-number\" data-field-id=\"4\"><label class=\"wpforms-field-label\" for=\"wpforms-308-field_4\">S\u1ed1 \u0111i\u1ec7n tho\u1ea1i <span class=\"wpforms-required-label\" aria-hidden=\"true\">*<\/span><\/label><input type=\"number\" id=\"wpforms-308-field_4\" class=\"wpforms-field-medium wpforms-field-required\" name=\"wpforms[fields][4]\" step=\"any\" aria-errormessage=\"wpforms-308-field_4-error\" required><\/div><div id=\"wpforms-308-field_5-container\" class=\"wpforms-field wpforms-field-select wpforms-field-select-style-modern\" data-field-id=\"5\"><label class=\"wpforms-field-label\" for=\"wpforms-308-field_5\">Qu\u1ed1c gia mu\u1ed1n du h\u1ecdc<\/label><select id=\"wpforms-308-field_5\" class=\"wpforms-field-medium choicesjs-select\" data-size-class=\"wpforms-field-row wpforms-field-medium\" data-search-enabled=\"\" name=\"wpforms[fields][5]\"><option value=\"\" class=\"placeholder\" disabled  selected='selected'><\/option><option value=\"\u00dac\"  class=\"choice-1 depth-1\"  >\u00dac<\/option><option value=\"Canada\"  class=\"choice-2 depth-1\"  >Canada<\/option><option value=\"Anh\"  class=\"choice-3 depth-1\"  >Anh<\/option><option value=\"M\u1ef9\"  class=\"choice-4 depth-1\"  >M\u1ef9<\/option><option value=\"Trung Qu\u1ed1c\"  class=\"choice-5 depth-1\"  >Trung Qu\u1ed1c<\/option><\/select><\/div><div id=\"wpforms-308-field_8-container\" class=\"wpforms-field wpforms-field-select wpforms-field-select-style-modern\" data-field-id=\"8\"><label class=\"wpforms-field-label\" for=\"wpforms-308-field_8\">B\u1ea1n \u0111\u1ecbnh du h\u1ecdc khi n\u00e0o<\/label><select id=\"wpforms-308-field_8\" class=\"wpforms-field-medium choicesjs-select\" data-size-class=\"wpforms-field-row wpforms-field-medium\" data-search-enabled=\"\" name=\"wpforms[fields][8]\"><option value=\"\" class=\"placeholder\" disabled  selected='selected'><\/option><option value=\"Ngay b\u00e2y gi\u1edd\"  class=\"choice-1 depth-1\"  >Ngay b\u00e2y gi\u1edd<\/option><option value=\"3 th\u00e1ng\"  class=\"choice-2 depth-1\"  >3 th\u00e1ng<\/option><option value=\"6 th\u00e1ng\"  class=\"choice-3 depth-1\"  >6 th\u00e1ng<\/option><option value=\"12 th\u00e1ng\"  class=\"choice-4 depth-1\"  >12 th\u00e1ng<\/option><option value=\"h\u01a1n 12 th\u00e1ng\"  class=\"choice-5 depth-1\"  >h\u01a1n 12 th\u00e1ng<\/option><option value=\"Ch\u01b0a ch\u1eafc ch\u1eafn\"  class=\"choice-6 depth-1\"  >Ch\u01b0a ch\u1eafc ch\u1eafn<\/option><\/select><\/div>\t\t<div id=\"wpforms-308-field_3-container\"\n\t\t\tclass=\"wpforms-field wpforms-field-text\"\n\t\t\tdata-field-type=\"text\"\n\t\t\tdata-field-id=\"3\"\n\t\t\t>\n\t\t\t<label class=\"wpforms-field-label\" for=\"wpforms-308-field_3\" >\u0110\u1ecba Qu\u1ed1c du<\/label>\n\t\t\t<input type=\"text\" id=\"wpforms-308-field_3\" class=\"wpforms-field-medium\" name=\"wpforms[fields][3]\" >\n\t\t<\/div>\n\t\t<div id=\"wpforms-308-field_10-container\" class=\"wpforms-field wpforms-field-checkbox\" data-field-id=\"10\"><fieldset><legend class=\"wpforms-field-label\"><\/legend><ul id=\"wpforms-308-field_10\"><li class=\"choice-1 depth-1\"><input type=\"checkbox\" id=\"wpforms-308-field_10_1\" name=\"wpforms[fields][10][]\" value=\"Vui l\u00f2ng li\u00ean h\u1ec7 v\u1edbi t\u00f4i qua \u0111i\u1ec7n tho\u1ea1i, email ho\u1eb7c SMS \u0111\u1ec3 h\u1ed7 tr\u1ee3 gi\u1ea3i \u0111\u00e1p th\u1eafc m\u1eafc c\u1ee7a t\u00f4i*\" aria-errormessage=\"wpforms-308-field_10_1-error\"  ><label class=\"wpforms-field-label-inline\" for=\"wpforms-308-field_10_1\">Vui l\u00f2ng li\u00ean h\u1ec7 v\u1edbi t\u00f4i qua \u0111i\u1ec7n tho\u1ea1i, email ho\u1eb7c SMS \u0111\u1ec3 h\u1ed7 tr\u1ee3 gi\u1ea3i \u0111\u00e1p th\u1eafc m\u1eafc c\u1ee7a t\u00f4i*<\/label><\/li><li class=\"choice-2 depth-1\"><input type=\"checkbox\" id=\"wpforms-308-field_10_2\" name=\"wpforms[fields][10][]\" value=\"T\u00f4i mu\u1ed1n nh\u1eadn th\u00f4ng tin c\u1eadp nh\u1eadt v\u00e0 \u01b0u \u0111\u00e3i t\u1eeb SO IZY EDUCATION\" aria-errormessage=\"wpforms-308-field_10_2-error\"  ><label class=\"wpforms-field-label-inline\" for=\"wpforms-308-field_10_2\">T\u00f4i mu\u1ed1n nh\u1eadn th\u00f4ng tin c\u1eadp nh\u1eadt v\u00e0 \u01b0u \u0111\u00e3i t\u1eeb SO IZY EDUCATION<\/label><\/li><li class=\"choice-3 depth-1\"><input type=\"checkbox\" id=\"wpforms-308-field_10_3\" name=\"wpforms[fields][10][]\" value=\"T\u00f4i \u0111\u1ed3ng \u00fd v\u1edbi SO IZY EDUCATION \u0110i\u1ec1u kho\u1ea3n v\u00e0 ch\u00ednh s\u00e1ch b\u1ea3o m\u1eadt *\" aria-errormessage=\"wpforms-308-field_10_3-error\"  ><label class=\"wpforms-field-label-inline\" for=\"wpforms-308-field_10_3\">T\u00f4i \u0111\u1ed3ng \u00fd v\u1edbi SO IZY EDUCATION \u0110i\u1ec1u kho\u1ea3n v\u00e0 ch\u00ednh s\u00e1ch b\u1ea3o m\u1eadt *<\/label><\/li><\/ul><\/fieldset><\/div><script>\n\t\t\t\t( function() {\n\t\t\t\t\tconst style = document.createElement( 'style' );\n\t\t\t\t\tstyle.appendChild( document.createTextNode( '#wpforms-308-field_3-container { position: absolute !important; overflow: hidden !important; display: inline !important; height: 1px !important; width: 1px !important; z-index: -1000 !important; padding: 0 !important; } #wpforms-308-field_3-container input { visibility: hidden; } #wpforms-conversational-form-page #wpforms-308-field_3-container label { counter-increment: none; }' ) );\n\t\t\t\t\tdocument.head.appendChild( style );\n\t\t\t\t\tdocument.currentScript?.remove();\n\t\t\t\t} )();\n\t\t\t<\/script><\/div><!-- .wpforms-field-container --><div class=\"wpforms-submit-container\" ><input type=\"hidden\" name=\"wpforms[id]\" value=\"308\"><input type=\"hidden\" name=\"page_title\" value=\"\"><input type=\"hidden\" name=\"page_url\" value=\"https:\/\/soizy.education\/index.php?rest_route=\/wp\/v2\/pages\/16\"><input type=\"hidden\" name=\"url_referer\" value=\"\"><button type=\"submit\" name=\"wpforms[submit]\" id=\"wpforms-submit-308\" class=\"wpforms-submit\" data-alt-text=\"Sending...\" data-submit-text=\"Li\u00ean H\u1ec7 Ngay\" aria-live=\"assertive\" value=\"wpforms-submit\">Li\u00ean H\u1ec7 Ngay<\/button><img loading=\"lazy\" decoding=\"async\" src=\"https:\/\/soizy.education\/wp-content\/plugins\/wpforms-lite\/assets\/images\/submit-spin.svg\" class=\"wpforms-submit-spinner\" style=\"display: none;\" width=\"26\" height=\"26\" alt=\"Loading\"><\/div><\/form><\/div>  <!-- .wpforms-container --><\/div>\n\n\n\n<div class=\"wp-block-column is-layout-flow wp-block-column-is-layout-flow\">\n<figure class=\"wp-block-image aligncenter size-full\"><img loading=\"lazy\" decoding=\"async\" width=\"793\" height=\"1122\" src=\"https:\/\/soizy.education\/wp-content\/uploads\/2026\/03\/tu-van-so-izy-education-1.gif\" alt=\"\" class=\"wp-image-323\"\/><\/figure>\n<\/div>\n<\/div>\n\n\n\n<h4 class=\"wp-block-heading\">Th\u00f4ng tin h\u1ec7 th\u1ed1ng SO IZY Education<\/h4>\n\n\n\n<p>C\u01a1 s\u1edf t\u1ea1i H\u00e0 N\u1ed9i<\/p>\n\n\n\n<ul class=\"wp-block-list\">\n<li><strong>Hotline:<\/strong> 0976077276<\/li>\n\n\n\n<li><strong>Email:<\/strong> ann.tran2503@gmail.com<\/li>\n\n\n\n<li><strong>\u0110\u1ecba ch\u1ec9:<\/strong> HM01A-11 Ho\u00e0ng Th\u00e0nh, Nguy\u1ec5n V\u0103n L\u1ed9c, \u0110\u1ea1i M\u1ed7, H\u00e0 N\u1ed9i<\/li>\n\n\n\n<li><strong>Website:<\/strong> https:\/\/www.soizy.education<\/li>\n<\/ul>\n","protected":false},"excerpt":{"rendered":"<p>\u0110\u0103ng k\u00fd t\u01b0 v\u1ea5n c\u00f9ng SO IZY EDUCATION Th\u00f4ng tin h\u1ec7 th\u1ed1ng SO IZY Education C\u01a1 s\u1edf t\u1ea1i H\u00e0 N\u1ed9i<\/p>\n","protected":false},"author":1,"featured_media":0,"parent":0,"menu_order":0,"comment_status":"closed","ping_status":"closed","template":"","meta":{"footnotes":""},"class_list":["post-16","page","type-page","status-publish","hentry"],"yoast_head":"<!-- This site is optimized with the Yoast SEO plugin v27.0 - https:\/\/yoast.com\/product\/yoast-seo-wordpress\/ -->\n<title>T\u01b0 V\u1ea5n - SO IZY EDUCATION<\/title>\n<meta name=\"robots\" content=\"index, follow, max-snippet:-1, max-image-preview:large, max-video-preview:-1\" \/>\n<link rel=\"canonical\" href=\"https:\/\/soizy.education\/?page_id=16\" \/>\n<meta property=\"og:locale\" content=\"en_US\" \/>\n<meta property=\"og:type\" content=\"article\" \/>\n<meta property=\"og:title\" content=\"T\u01b0 V\u1ea5n - SO IZY EDUCATION\" \/>\n<meta property=\"og:description\" content=\"\u0110\u0103ng k\u00fd t\u01b0 v\u1ea5n c\u00f9ng SO IZY EDUCATION Th\u00f4ng tin h\u1ec7 th\u1ed1ng SO IZY Education C\u01a1 s\u1edf t\u1ea1i H\u00e0 N\u1ed9i\" \/>\n<meta property=\"og:url\" content=\"https:\/\/soizy.education\/?page_id=16\" \/>\n<meta property=\"og:site_name\" content=\"SO IZY EDUCATION\" \/>\n<meta property=\"article:modified_time\" content=\"2026-03-02T03:16:17+00:00\" \/>\n<meta property=\"og:image\" content=\"https:\/\/soizy.education\/wp-content\/uploads\/2026\/03\/tu-van-so-izy-education-1.gif\" \/>\n<meta name=\"twitter:card\" content=\"summary_large_image\" \/>\n<meta name=\"twitter:label1\" content=\"Est. reading time\" \/>\n\t<meta name=\"twitter:data1\" content=\"1 minute\" \/>\n<script type=\"application\/ld+json\" class=\"yoast-schema-graph\">{\"@context\":\"https:\/\/schema.org\",\"@graph\":[{\"@type\":\"WebPage\",\"@id\":\"https:\/\/soizy.education\/?page_id=16\",\"url\":\"https:\/\/soizy.education\/?page_id=16\",\"name\":\"T\u01b0 V\u1ea5n - SO IZY EDUCATION\",\"isPartOf\":{\"@id\":\"https:\/\/soizy.education\/#website\"},\"primaryImageOfPage\":{\"@id\":\"https:\/\/soizy.education\/?page_id=16#primaryimage\"},\"image\":{\"@id\":\"https:\/\/soizy.education\/?page_id=16#primaryimage\"},\"thumbnailUrl\":\"https:\/\/soizy.education\/wp-content\/uploads\/2026\/03\/tu-van-so-izy-education-1.gif\",\"datePublished\":\"2026-02-24T02:39:47+00:00\",\"dateModified\":\"2026-03-02T03:16:17+00:00\",\"breadcrumb\":{\"@id\":\"https:\/\/soizy.education\/?page_id=16#breadcrumb\"},\"inLanguage\":\"en-US\",\"potentialAction\":[{\"@type\":\"ReadAction\",\"target\":[\"https:\/\/soizy.education\/?page_id=16\"]}]},{\"@type\":\"ImageObject\",\"inLanguage\":\"en-US\",\"@id\":\"https:\/\/soizy.education\/?page_id=16#primaryimage\",\"url\":\"https:\/\/soizy.education\/wp-content\/uploads\/2026\/03\/tu-van-so-izy-education-1.gif\",\"contentUrl\":\"https:\/\/soizy.education\/wp-content\/uploads\/2026\/03\/tu-van-so-izy-education-1.gif\",\"width\":793,\"height\":1122},{\"@type\":\"BreadcrumbList\",\"@id\":\"https:\/\/soizy.education\/?page_id=16#breadcrumb\",\"itemListElement\":[{\"@type\":\"ListItem\",\"position\":1,\"name\":\"Home\",\"item\":\"https:\/\/soizy.education\/\"},{\"@type\":\"ListItem\",\"position\":2,\"name\":\"T\u01b0 V\u1ea5n\"}]},{\"@type\":\"WebSite\",\"@id\":\"https:\/\/soizy.education\/#website\",\"url\":\"https:\/\/soizy.education\/\",\"name\":\"SO IZY EDUCATION\",\"description\":\"SO IZY EDUCATION l\u00e0 h\u1ec7 th\u1ed1ng trung t\u00e2m gi\u00e1o d\u1ee5c v\u1edbi h\u01a1n 10 n\u0103m ho\u1ea1t \u0111\u1ed9ng, \u0111\u1ecbnh h\u01b0\u1edbng ph\u00e1t tri\u1ec3n h\u1ecdc sinh theo m\u00f4 h\u00ecnh c\u00e1 nh\u00e2n h\u00f3a v\u00e0 \u1ee9ng d\u1ee5ng c\u00f4ng ngh\u1ec7 v\u00e0o gi\u1ea3ng d\u1ea1y. Ng\u01b0\u1eddi \u0111\u1ee9ng \u0111\u1ea7u h\u1ec7 th\u1ed1ng l\u00e0 Tr\u1ea7n Th\u1ecb M\u1ef9 An \u2013 nh\u00e0 s\u00e1ng l\u1eadp v\u1edbi t\u1ea7m nh\u00ecn x\u00e2y d\u1ef1ng m\u00f4i tr\u01b0\u1eddng h\u1ecdc t\u1eadp ch\u1ee7 \u0111\u1ed9ng, hi\u1ec7n \u0111\u1ea1i v\u00e0 t\u1ea1o ra s\u1ef1 thay \u0111\u1ed5i t\u00edch c\u1ef1c cho t\u1eebng h\u1ecdc sinh.\",\"publisher\":{\"@id\":\"https:\/\/soizy.education\/#organization\"},\"potentialAction\":[{\"@type\":\"SearchAction\",\"target\":{\"@type\":\"EntryPoint\",\"urlTemplate\":\"https:\/\/soizy.education\/?s={search_term_string}\"},\"query-input\":{\"@type\":\"PropertyValueSpecification\",\"valueRequired\":true,\"valueName\":\"search_term_string\"}}],\"inLanguage\":\"en-US\"},{\"@type\":\"Organization\",\"@id\":\"https:\/\/soizy.education\/#organization\",\"name\":\"SO IZY EDUCATION\",\"url\":\"https:\/\/soizy.education\/\",\"logo\":{\"@type\":\"ImageObject\",\"inLanguage\":\"en-US\",\"@id\":\"https:\/\/soizy.education\/#\/schema\/logo\/image\/\",\"url\":\"https:\/\/soizy.education\/wp-content\/uploads\/2026\/02\/cropped-So-Izy-Logo-xoa-nen-01-scaled-1.png\",\"contentUrl\":\"https:\/\/soizy.education\/wp-content\/uploads\/2026\/02\/cropped-So-Izy-Logo-xoa-nen-01-scaled-1.png\",\"width\":512,\"height\":512,\"caption\":\"SO IZY EDUCATION\"},\"image\":{\"@id\":\"https:\/\/soizy.education\/#\/schema\/logo\/image\/\"}}]}<\/script>\n<!-- \/ Yoast SEO plugin. -->","yoast_head_json":{"title":"T\u01b0 V\u1ea5n - SO IZY EDUCATION","robots":{"index":"index","follow":"follow","max-snippet":"max-snippet:-1","max-image-preview":"max-image-preview:large","max-video-preview":"max-video-preview:-1"},"canonical":"https:\/\/soizy.education\/?page_id=16","og_locale":"en_US","og_type":"article","og_title":"T\u01b0 V\u1ea5n - SO IZY EDUCATION","og_description":"\u0110\u0103ng k\u00fd t\u01b0 v\u1ea5n c\u00f9ng SO IZY EDUCATION Th\u00f4ng tin h\u1ec7 th\u1ed1ng SO IZY Education C\u01a1 s\u1edf t\u1ea1i H\u00e0 N\u1ed9i","og_url":"https:\/\/soizy.education\/?page_id=16","og_site_name":"SO IZY EDUCATION","article_modified_time":"2026-03-02T03:16:17+00:00","og_image":[{"url":"https:\/\/soizy.education\/wp-content\/uploads\/2026\/03\/tu-van-so-izy-education-1.gif","type":"","width":"","height":""}],"twitter_card":"summary_large_image","twitter_misc":{"Est. reading time":"1 minute"},"schema":{"@context":"https:\/\/schema.org","@graph":[{"@type":"WebPage","@id":"https:\/\/soizy.education\/?page_id=16","url":"https:\/\/soizy.education\/?page_id=16","name":"T\u01b0 V\u1ea5n - SO IZY EDUCATION","isPartOf":{"@id":"https:\/\/soizy.education\/#website"},"primaryImageOfPage":{"@id":"https:\/\/soizy.education\/?page_id=16#primaryimage"},"image":{"@id":"https:\/\/soizy.education\/?page_id=16#primaryimage"},"thumbnailUrl":"https:\/\/soizy.education\/wp-content\/uploads\/2026\/03\/tu-van-so-izy-education-1.gif","datePublished":"2026-02-24T02:39:47+00:00","dateModified":"2026-03-02T03:16:17+00:00","breadcrumb":{"@id":"https:\/\/soizy.education\/?page_id=16#breadcrumb"},"inLanguage":"en-US","potentialAction":[{"@type":"ReadAction","target":["https:\/\/soizy.education\/?page_id=16"]}]},{"@type":"ImageObject","inLanguage":"en-US","@id":"https:\/\/soizy.education\/?page_id=16#primaryimage","url":"https:\/\/soizy.education\/wp-content\/uploads\/2026\/03\/tu-van-so-izy-education-1.gif","contentUrl":"https:\/\/soizy.education\/wp-content\/uploads\/2026\/03\/tu-van-so-izy-education-1.gif","width":793,"height":1122},{"@type":"BreadcrumbList","@id":"https:\/\/soizy.education\/?page_id=16#breadcrumb","itemListElement":[{"@type":"ListItem","position":1,"name":"Home","item":"https:\/\/soizy.education\/"},{"@type":"ListItem","position":2,"name":"T\u01b0 V\u1ea5n"}]},{"@type":"WebSite","@id":"https:\/\/soizy.education\/#website","url":"https:\/\/soizy.education\/","name":"SO IZY EDUCATION","description":"SO IZY EDUCATION l\u00e0 h\u1ec7 th\u1ed1ng trung t\u00e2m gi\u00e1o d\u1ee5c v\u1edbi h\u01a1n 10 n\u0103m ho\u1ea1t \u0111\u1ed9ng, \u0111\u1ecbnh h\u01b0\u1edbng ph\u00e1t tri\u1ec3n h\u1ecdc sinh theo m\u00f4 h\u00ecnh c\u00e1 nh\u00e2n h\u00f3a v\u00e0 \u1ee9ng d\u1ee5ng c\u00f4ng ngh\u1ec7 v\u00e0o gi\u1ea3ng d\u1ea1y. Ng\u01b0\u1eddi \u0111\u1ee9ng \u0111\u1ea7u h\u1ec7 th\u1ed1ng l\u00e0 Tr\u1ea7n Th\u1ecb M\u1ef9 An \u2013 nh\u00e0 s\u00e1ng l\u1eadp v\u1edbi t\u1ea7m nh\u00ecn x\u00e2y d\u1ef1ng m\u00f4i tr\u01b0\u1eddng h\u1ecdc t\u1eadp ch\u1ee7 \u0111\u1ed9ng, hi\u1ec7n \u0111\u1ea1i v\u00e0 t\u1ea1o ra s\u1ef1 thay \u0111\u1ed5i t\u00edch c\u1ef1c cho t\u1eebng h\u1ecdc sinh.","publisher":{"@id":"https:\/\/soizy.education\/#organization"},"potentialAction":[{"@type":"SearchAction","target":{"@type":"EntryPoint","urlTemplate":"https:\/\/soizy.education\/?s={search_term_string}"},"query-input":{"@type":"PropertyValueSpecification","valueRequired":true,"valueName":"search_term_string"}}],"inLanguage":"en-US"},{"@type":"Organization","@id":"https:\/\/soizy.education\/#organization","name":"SO IZY EDUCATION","url":"https:\/\/soizy.education\/","logo":{"@type":"ImageObject","inLanguage":"en-US","@id":"https:\/\/soizy.education\/#\/schema\/logo\/image\/","url":"https:\/\/soizy.education\/wp-content\/uploads\/2026\/02\/cropped-So-Izy-Logo-xoa-nen-01-scaled-1.png","contentUrl":"https:\/\/soizy.education\/wp-content\/uploads\/2026\/02\/cropped-So-Izy-Logo-xoa-nen-01-scaled-1.png","width":512,"height":512,"caption":"SO IZY EDUCATION"},"image":{"@id":"https:\/\/soizy.education\/#\/schema\/logo\/image\/"}}]}},"_links":{"self":[{"href":"https:\/\/soizy.education\/index.php?rest_route=\/wp\/v2\/pages\/16","targetHints":{"allow":["GET"]}}],"collection":[{"href":"https:\/\/soizy.education\/index.php?rest_route=\/wp\/v2\/pages"}],"about":[{"href":"https:\/\/soizy.education\/index.php?rest_route=\/wp\/v2\/types\/page"}],"author":[{"embeddable":true,"href":"https:\/\/soizy.education\/index.php?rest_route=\/wp\/v2\/users\/1"}],"replies":[{"embeddable":true,"href":"https:\/\/soizy.education\/index.php?rest_route=%2Fwp%2Fv2%2Fcomments&post=16"}],"version-history":[{"count":7,"href":"https:\/\/soizy.education\/index.php?rest_route=\/wp\/v2\/pages\/16\/revisions"}],"predecessor-version":[{"id":327,"href":"https:\/\/soizy.education\/index.php?rest_route=\/wp\/v2\/pages\/16\/revisions\/327"}],"wp:attachment":[{"href":"https:\/\/soizy.education\/index.php?rest_route=%2Fwp%2Fv2%2Fmedia&parent=16"}],"curies":[{"name":"wp","href":"https:\/\/api.w.org\/{rel}","templated":true}]}}